t are the prime factors of 36672?
2, 3, 191
List the prime factors of 24063.
3, 13, 617
List the prime factors of 176.
2, 11
List the prime factors of 104288.
2, 3259
What are the prime factors of 5894?
2, 7, 421
What are the prime factors of 6971?
6971
List the prime factors of 37064.
2, 41, 113
What are the prime factors of 59049?
3
What are the prime factors of 2374?
2, 1187
List the prime factors of 2353.
13, 181
List the prime factors of 2937.
3, 11, 89
List the prime factors of 6216.
2, 3, 7, 37
List the prime factors of 31713.
3, 11, 31
List the prime factors of 2047.
23, 89
What are the prime factors of 1205?
5, 241
List the prime factors of 1590.
2, 3, 5, 53
List the prime factors of 844.
2, 211
List the prime factors of 3209.
3209
List the prime factors of 6876.
2, 3, 191
List the prime factors of 4317.
3, 1439
What are the prime factors of 46988?
2, 17, 691
What are the prime factors of 340?
2, 5, 17
What are the prime factors of 21995?
5, 53, 83
What are the prime factors of 449?
449
What are the prime factors of 1554?
2, 3, 7, 37
List the prime factors of 48696.
2, 3, 2029
List the prime factors of 2690.
2, 5, 269
List the prime factors of 61181.
193, 317
List the prime factors of 13678.
2, 7, 977
What are the prime factors of 7595?
5, 7, 31
What are the prime factors of 44081?
17, 2593
What are the prime factors of 511?
7, 73
What are the prime factors of 482?
2, 241
List the prime factors of 5840.
2, 5, 73
List the prime factors of 23430.
2, 3, 5, 11, 71
List the prime factors of 48433.
7, 11, 17, 37
What are the prime factors of 28023?
3, 9341
What are the prime factors of 24231?
3, 41, 197
List the prime factors of 379.
379
What are the prime factors of 102976?
2, 1609
What are the prime factors of 10871?
7, 1553
List the prime factors of 2339.
2339
What are the prime factors of 15274?
2, 7, 1091
List the prime factors of 3961.
17, 233
What are the prime factors of 523?
523
List the prime factors of 12392.
2, 1549
List the prime factors of 432.
2, 3
What are the prime factors of 543?
3, 181
List the prime factors of 3508.
2, 877
List the prime factors of 2631.
3, 877
List the prime factors of 3314.
2, 1657
What are the prime factors of 210?
2, 3, 5, 7
List the prime factors of 152.
2, 19
What are the prime factors of 4185?
3, 5, 31
What are the prime factors of 49355?
5, 9871
What are the prime factors of 7652?
2, 1913
What are the prime factors of 4538?
2, 2269
List the prime factors of 1099.
7, 157
List the prime factors of 8740.
2, 5, 19, 23
What are the prime factors of 6201?
3, 13, 53
What are the prime factors of 39405?
3, 5, 37, 71
What are the prime factors of 14310?
2, 3, 5, 53
What are the prime factors of 113799?
3, 7, 5419
What are the prime factors of 314?
2, 157
List the prime factors of 19.
19
List the prime factors of 3435.
3, 5, 229
What are the prime factors of 81703?
81703
List the prime factors of 10717.
7, 1531
What are the prime factors of 54931?
163, 337
What are the prime factors of 18218?
2, 9109
List the prime factors of 3518.
2, 1759
List the prime factors of 4724.
2, 1181
List the prime factors of 19161.
3, 2129
What are the prime factors of 3841?
23, 167
What are the prime factors of 13755?
3, 5, 7, 131
List the prime factors of 17038.
2, 7, 1217
What are the prime factors of 701?
701
List the prime factors of 542.
2, 271
List the prime factors of 17529.
3, 5843
List the prime factors of 13409.
11, 23, 53
What are the prime factors of 36060?
2, 3, 5, 601
What are the prime factors of 43529?
19, 29, 79
List the prime factors of 19449.
3, 2161
What are the prime factors of 8694?
2, 3, 7, 23
What are the prime factors of 61684?
2, 7, 2203
What are the prime factors of 8054?
2, 4027
What are the prime factors of 114907?
13, 8839
List the prime factors of 5972.
2, 1493
List the prime factors of 1910.
2, 5, 191
What are the prime factors of 23886?
2, 3, 1327
List the prime factors of 2925.
3, 5, 13
List the prime factors of 6893.
61, 113
List the prime factors of 10761.
3, 17, 211
What are the prime factors of 2208?
2, 3, 23
What are the prime factors of 493?
17, 29
List the prime factors of 5811.
3, 13, 149
List the prime factors of 24294.
2, 3, 4049
List the prime factors of 15008.
2, 7, 67
What are the prime factors of 1870?
2, 5, 11, 17
What are the prime factors of 5009?
5009
What are the prime factors of 7847?
7, 19, 59
What are the prime factors of 1036?
2, 7, 37
What are the prime factors of 5615?
5, 1123
List the prime factors of 502.
2, 251
List the prime factors of 20865.
3, 5, 13, 107
What are the prime factors of 15339?
3, 5113
List the prime factors of 347.
347
List the prime factors of 3648.
2, 3, 19
List the prime factors of 16628.
2, 4157
What are the prime factors of 122201?
122201
List the prime factors of 14495.
5, 13, 223
What are the prime factors of 63584?
2, 1987
What are the prime factors of 218?
2, 109
List the prime factors of 2033.
19, 107
What are the prime factors of 2618?
2, 7, 11, 17
List the prime factors of 9910.
2, 5, 991
What are the prime factors of 761?
761
What are the prime factors of 226?
2, 113
What are the prime factors of 3050?
2, 5, 61
What are the prime factors of 631?
631
What are the prime factors of 1094?
2, 547
What are the prime factors of 1273?
19, 67
List the prime factors of 1275.
3, 5, 17
What are the prime factors of 77215?
5, 15443
What are the prime factors of 50100?
2, 3, 5, 167
List the prime factors of 10780.
2, 5, 7, 11
List the prime factors of 1840.
2, 5, 23
What are the prime factors of 2069?
2069
What are the prime factors of 980?
2, 5, 7
List the prime factors of 76327.
127, 601
What are the prime factors of 5518?
2, 31, 89
List the prime factors of 4946.
2, 2473
List the prime factors of 1027.
13, 79
List the prime factors of 1449.
3, 7, 23
List the prime factors of 6866.
2, 3433
What are the prime factors of 1351?
7, 193
What are the prime factors of 472?
2, 59
List the prime factors of 5368.
2, 11, 61
List the prime factors of 14124.
2, 3, 11, 107
What are the prime factors of 3815?
5, 7, 109
What are the prime factors of 5329?
73
What are the prime factors of 2891?
7, 59
List the prime factors of 683.
683
What are the prime factors of 729?
3
What are the prime factors of 1265?
5, 11, 23
List the prime factors of 1309.
7, 11, 17
What are the prime factors of 47965?
5, 53, 181
List the prime factors of 41387.
41387
What are the prime factors of 607?
607
List the prime factors of 149.
149
List the prime factors of 10448.
2, 653
What are the prime factors of 1381?
1381
List the prime factors of 55745.
5, 11149
List the prime factors of 180.
2, 3, 5
List the prime factors of 18478.
2, 9239
What are the prime factors of 26871?
3, 13, 53
List the prime factors of 5190.
2, 3, 5, 173
List the prime factors of 21699.
3, 2411
What are the prime factors of 2953?
2953
What are the prime factors of 21842?
2, 67, 163
List the prime factors of 88065.
3, 5, 19, 103
What are the prime factors of 23645?
5, 4729
List the prime factors of 4269.
3, 1423
What are the prime factors of 1435?
5, 7, 41
List the prime factors of 38121.
3, 97, 131
What are the prime factors of 5261?
5261
What are the prime factors of 22757?
7, 3251
List the prime factors of 6313.
59, 107
List the prime factors of 47822.
2, 23911
List the prime factors of 47615.
5, 89, 107
What are the prime factors of 11359?
37, 307
What are the prime factors of 1878?
2, 3, 313
List the prime factors of 12914.
2, 11, 587
What are the prime factors of 62?
2, 31
List the prime factors of 157146.
2, 3, 11, 2381
What are the prime factors of 329?
7, 47
List the prime factors of 156.
2, 3, 13
List the prime factors of 5768.
2, 7, 103
List the prime factors of 77997.
3, 25999
List the prime factors of 3959.
37, 107
List the prime factors of 6553.
6553
What are the prime factors of 39427?
89, 443
What are the prime factors of 10313?
10313
List the prime factors of 10939.
10939
List the prime factors of 1016.
2, 127
What are the prime factors of 22914?
2, 3, 19, 67
List the prime factors of 15208.
2, 1901
List the prime factors of 46279.
46279
What are the prime factors of 7424?
2, 29
List the prime factors of 3878.
2, 7, 277
List the prime factors of 7200.
2, 3, 5
List the prime factors of 10986.
2